{"id":873,"date":"2022-11-15T21:22:49","date_gmt":"2022-11-15T21:22:49","guid":{"rendered":"https:\/\/new.renubero.com\/?page_id=873"},"modified":"2022-11-16T13:05:48","modified_gmt":"2022-11-16T13:05:48","slug":"kontakt","status":"publish","type":"page","link":"https:\/\/prace.renubero.com\/?page_id=873","title":{"rendered":"Kontakt"},"content":{"rendered":"<p>[et_pb_section fb_built=&#8221;1&#8243; _builder_version=&#8221;4.19.0&#8243; _module_preset=&#8221;default&#8221; global_colors_info=&#8221;{}&#8221;][et_pb_row _builder_version=&#8221;4.19.0&#8243; _module_preset=&#8221;default&#8221; global_colors_info=&#8221;{}&#8221;][et_pb_column type=&#8221;4_4&#8243; _builder_version=&#8221;4.19.0&#8243; _module_preset=&#8221;default&#8221; global_colors_info=&#8221;{}&#8221;][et_pb_code _builder_version=&#8221;4.19.0&#8243; _module_preset=&#8221;default&#8221; hover_enabled=&#8221;0&#8243; global_colors_info=&#8221;{}&#8221; sticky_enabled=&#8221;0&#8243;]<div class=\"everest-forms\"><script type='text\/javascript'>\n\/* <![CDATA[ *\/\nvar evf_settings = {\"currency_code\":\"USD\",\"currency_thousands\":\",\",\"currency_decimal\":\".\",\"currency_symbol\":\"$\",\"currency_symbol_pos\":\"left\"}\n\/* ]]> *\/\n<\/script>\n<div class=\"evf-container default\" id=\"evf-888\"><form id=\"evf-form-888\" class=\"everest-form\" data-formid=\"888\" data-ajax_submission=\"0\" data-keyboard_friendly_form=\"0\" method=\"post\" enctype=\"multipart\/form-data\" action=\"\/index.php?rest_route=%2Fwp%2Fv2%2Fpages%2F873\"><div class=\"evf-field-container\"><input type=\"hidden\" id=\"_wpnonce888\" name=\"_wpnonce888\" value=\"e7549a7508\" \/><input type=\"hidden\" name=\"_wp_http_referer\" value=\"\/index.php?rest_route=%2Fwp%2Fv2%2Fpages%2F873\" \/><div class=\"evf-frontend-row\" data-row=\"row_1\" conditional_rules=\"[]\"><div class=\"evf-frontend-grid evf-grid-1\" data-grid=\"grid_1\"><div id=\"evf-888-field_fullname-container\" class=\"evf-field evf-field-text form-row validate-required\" data-required-field-message=\"This field is required.\" data-field-id=\"fullname\"><label class=\"evf-field-label\" for=\"evf-888-field_fullname\"><span class=\"evf-label\">P\u0159\u00edjmen\u00ed<\/span> <abbr class=\"required\" title=\"Required\">*<\/abbr><\/label><input type=\"text\" id=\"evf-888-field_fullname\" class=\"input-text\" name=\"everest_forms[form_fields][fullname]\" conditional_id=\"fullname\" required><\/div><div id=\"evf-888-field_9ITsRkD8z3-2-container\" class=\"evf-field evf-field-first-name form-row\" data-field-id=\"9ITsRkD8z3-2\"><label class=\"evf-field-label\" for=\"evf-888-field_9ITsRkD8z3-2\"><span class=\"evf-label\">Jmeno<\/span> <\/label><input type=\"text\" id=\"evf-888-field_9ITsRkD8z3-2\" class=\"input-text\" name=\"everest_forms[form_fields][9ITsRkD8z3-2]\" conditional_id=\"9ITsRkD8z3-2\" ><\/div><div id=\"evf-888-field_qaHxp4kumw-3-container\" class=\"evf-field evf-field-text form-row\" data-field-id=\"qaHxp4kumw-3\"><label class=\"evf-field-label\" for=\"evf-888-field_qaHxp4kumw-3\"><span class=\"evf-label\">Firma<\/span> <\/label><input type=\"text\" id=\"evf-888-field_qaHxp4kumw-3\" class=\"input-text\" name=\"everest_forms[form_fields][qaHxp4kumw-3]\" conditional_id=\"qaHxp4kumw-3\" ><\/div><div id=\"evf-888-field_email-container\" class=\"evf-field evf-field-email form-row validate-required validate-email\" data-required-field-message=\"Please enter a valid email address.\" data-field-id=\"email\"><label class=\"evf-field-label\" for=\"evf-888-field_email\"><span class=\"evf-label\">Email<\/span> <abbr class=\"required\" title=\"Required\">*<\/abbr><\/label><input type=\"email\" id=\"evf-888-field_email\" class=\"input-text\" name=\"everest_forms[form_fields][email]\" conditional_id=\"email\" required ><\/div><div id=\"evf-888-field_IajL7vgTth-5-container\" class=\"evf-field evf-field-phone form-row validate-phone\" data-field-id=\"IajL7vgTth-5\"><label class=\"evf-field-label\" for=\"evf-888-field_IajL7vgTth-5\"><span class=\"evf-label\">Telefonn\u00ed \u010d\u00edslo<\/span> <\/label><input type=\"tel\" id=\"evf-888-field_IajL7vgTth-5\" class=\"input-text evf-smart-phone-field\" data-rule-smart-phone-field=\"true\" name=\"everest_forms[form_fields][IajL7vgTth-5]\" conditional_id=\"IajL7vgTth-5\" ><\/div><div id=\"evf-888-field_DXi5Ju1AdN-4-container\" class=\"evf-field evf-field-text form-row\" data-field-id=\"DXi5Ju1AdN-4\"><label class=\"evf-field-label\" for=\"evf-888-field_DXi5Ju1AdN-4\"><span class=\"evf-label\">Ulice<\/span> <\/label><input type=\"text\" id=\"evf-888-field_DXi5Ju1AdN-4\" class=\"input-text\" name=\"everest_forms[form_fields][DXi5Ju1AdN-4]\" conditional_id=\"DXi5Ju1AdN-4\" ><\/div><div id=\"evf-888-field_Gk5kXMaT38-7-container\" class=\"evf-field evf-field-text form-row\" data-field-id=\"Gk5kXMaT38-7\"><label class=\"evf-field-label\" for=\"evf-888-field_Gk5kXMaT38-7\"><span class=\"evf-label\">PS\u010c \/ Mesto<\/span> <\/label><input type=\"text\" id=\"evf-888-field_Gk5kXMaT38-7\" class=\"input-text\" name=\"everest_forms[form_fields][Gk5kXMaT38-7]\" conditional_id=\"Gk5kXMaT38-7\" ><\/div><div id=\"evf-888-field_message-container\" class=\"evf-field evf-field-textarea form-row\" data-field-id=\"message\"><label class=\"evf-field-label\" for=\"evf-888-field_message\"><span class=\"evf-label\">Zpr\u00e1va<\/span> <\/label><textarea id=\"evf-888-field_message\" class=\"input-text\" name=\"everest_forms[form_fields][message]\" conditional_id=\"message\"  ><\/textarea><\/div><\/div><\/div><\/div><div class=\"evf-honeypot-container evf-field-hp\"><label for=\"evf-888-field-hp\" class=\"evf-field-label\">Website<\/label><input type=\"text\" name=\"everest_forms[hp]\" id=\"evf-888-field-hp\" class=\"input-text\"><\/div><div class=\"evf-submit-container \" ><input type=\"hidden\" name=\"everest_forms[id]\" value=\"888\"><input type=\"hidden\" name=\"everest_forms[author]\" value=\"2\"><button type='submit' name='everest_forms[submit]' class='everest-forms-submit-button button evf-submit ' id='evf-submit-888' value='evf-submit' data-process-text=\"Processing\u2026\" conditional_rules='&quot;&quot;' conditional_id='evf-submit-888'  id=\"evf-submit-888\" aria-live=\"assertive\">Odeslat<\/button><\/div><\/form><\/div><!-- .evf-container --><\/div>[\/et_pb_code][\/et_pb_column][\/et_pb_row][\/et_pb_section]<\/p>\n","protected":false},"excerpt":{"rendered":"<div class=\"everest-forms\"><script type='text\/javascript'>\n\/* <![CDATA[ *\/\nvar evf_settings = {\"currency_code\":\"USD\",\"currency_thousands\":\",\",\"currency_decimal\":\".\",\"currency_symbol\":\"$\",\"currency_symbol_pos\":\"left\"}\n\/* ]]> *\/\n<\/script>\n<div class=\"evf-container default\" id=\"evf-888\"><form id=\"evf-form-888\" class=\"everest-form\" data-formid=\"888\" data-ajax_submission=\"0\" data-keyboard_friendly_form=\"0\" method=\"post\" enctype=\"multipart\/form-data\" action=\"\/index.php?rest_route=%2Fwp%2Fv2%2Fpages%2F873\"><div class=\"evf-field-container\"><input type=\"hidden\" id=\"_wpnonce888\" name=\"_wpnonce888\" value=\"e7549a7508\" \/><input type=\"hidden\" name=\"_wp_http_referer\" value=\"\/index.php?rest_route=%2Fwp%2Fv2%2Fpages%2F873\" \/><div class=\"evf-frontend-row\" data-row=\"row_1\" conditional_rules=\"[]\"><div class=\"evf-frontend-grid evf-grid-1\" data-grid=\"grid_1\"><div id=\"evf-888-field_fullname-container\" class=\"evf-field evf-field-text form-row validate-required\" data-required-field-message=\"This field is required.\" data-field-id=\"fullname\"><label class=\"evf-field-label\" for=\"evf-888-field_fullname\"><span class=\"evf-label\">P\u0159\u00edjmen\u00ed<\/span> <abbr class=\"required\" title=\"Required\">*<\/abbr><\/label><input type=\"text\" id=\"evf-888-field_fullname\" class=\"input-text\" name=\"everest_forms[form_fields][fullname]\" conditional_id=\"fullname\" required><\/div><div id=\"evf-888-field_9ITsRkD8z3-2-container\" class=\"evf-field evf-field-first-name form-row\" data-field-id=\"9ITsRkD8z3-2\"><label class=\"evf-field-label\" for=\"evf-888-field_9ITsRkD8z3-2\"><span class=\"evf-label\">Jmeno<\/span> <\/label><input type=\"text\" id=\"evf-888-field_9ITsRkD8z3-2\" class=\"input-text\" name=\"everest_forms[form_fields][9ITsRkD8z3-2]\" conditional_id=\"9ITsRkD8z3-2\" ><\/div><div id=\"evf-888-field_qaHxp4kumw-3-container\" class=\"evf-field evf-field-text form-row\" data-field-id=\"qaHxp4kumw-3\"><label class=\"evf-field-label\" for=\"evf-888-field_qaHxp4kumw-3\"><span class=\"evf-label\">Firma<\/span> <\/label><input type=\"text\" id=\"evf-888-field_qaHxp4kumw-3\" class=\"input-text\" name=\"everest_forms[form_fields][qaHxp4kumw-3]\" conditional_id=\"qaHxp4kumw-3\" ><\/div><div id=\"evf-888-field_email-container\" class=\"evf-field evf-field-email form-row validate-required validate-email\" data-required-field-message=\"Please enter a valid email address.\" data-field-id=\"email\"><label class=\"evf-field-label\" for=\"evf-888-field_email\"><span class=\"evf-label\">Email<\/span> <abbr class=\"required\" title=\"Required\">*<\/abbr><\/label><input type=\"email\" id=\"evf-888-field_email\" class=\"input-text\" name=\"everest_forms[form_fields][email]\" conditional_id=\"email\" required ><\/div><div id=\"evf-888-field_IajL7vgTth-5-container\" class=\"evf-field evf-field-phone form-row validate-phone\" data-field-id=\"IajL7vgTth-5\"><label class=\"evf-field-label\" for=\"evf-888-field_IajL7vgTth-5\"><span class=\"evf-label\">Telefonn\u00ed \u010d\u00edslo<\/span> <\/label><input type=\"tel\" id=\"evf-888-field_IajL7vgTth-5\" class=\"input-text evf-smart-phone-field\" data-rule-smart-phone-field=\"true\" name=\"everest_forms[form_fields][IajL7vgTth-5]\" conditional_id=\"IajL7vgTth-5\" ><\/div><div id=\"evf-888-field_DXi5Ju1AdN-4-container\" class=\"evf-field evf-field-text form-row\" data-field-id=\"DXi5Ju1AdN-4\"><label class=\"evf-field-label\" for=\"evf-888-field_DXi5Ju1AdN-4\"><span class=\"evf-label\">Ulice<\/span> <\/label><input type=\"text\" id=\"evf-888-field_DXi5Ju1AdN-4\" class=\"input-text\" name=\"everest_forms[form_fields][DXi5Ju1AdN-4]\" conditional_id=\"DXi5Ju1AdN-4\" ><\/div><div id=\"evf-888-field_Gk5kXMaT38-7-container\" class=\"evf-field evf-field-text form-row\" data-field-id=\"Gk5kXMaT38-7\"><label class=\"evf-field-label\" for=\"evf-888-field_Gk5kXMaT38-7\"><span class=\"evf-label\">PS\u010c \/ Mesto<\/span> <\/label><input type=\"text\" id=\"evf-888-field_Gk5kXMaT38-7\" class=\"input-text\" name=\"everest_forms[form_fields][Gk5kXMaT38-7]\" conditional_id=\"Gk5kXMaT38-7\" ><\/div><div id=\"evf-888-field_message-container\" class=\"evf-field evf-field-textarea form-row\" data-field-id=\"message\"><label class=\"evf-field-label\" for=\"evf-888-field_message\"><span class=\"evf-label\">Zpr\u00e1va<\/span> <\/label><textarea id=\"evf-888-field_message\" class=\"input-text\" name=\"everest_forms[form_fields][message]\" conditional_id=\"message\"  ><\/textarea><\/div><\/div><\/div><\/div><div class=\"evf-honeypot-container evf-field-hp\"><label for=\"evf-888-field-hp\" class=\"evf-field-label\">Comment<\/label><input type=\"text\" name=\"everest_forms[hp]\" id=\"evf-888-field-hp\" class=\"input-text\"><\/div><div class=\"evf-submit-container \" ><input type=\"hidden\" name=\"everest_forms[id]\" value=\"888\"><input type=\"hidden\" name=\"everest_forms[author]\" value=\"2\"><button type='submit' name='everest_forms[submit]' class='everest-forms-submit-button button evf-submit ' id='evf-submit-888' value='evf-submit' data-process-text=\"Processing\u2026\" conditional_rules='&quot;&quot;' conditional_id='evf-submit-888'  id=\"evf-submit-888\" aria-live=\"assertive\">Odeslat<\/button><\/div><\/form><\/div><!-- .evf-container --><\/div>\n","protected":false},"author":2,"featured_media":0,"parent":0,"menu_order":0,"comment_status":"closed","ping_status":"closed","template":"","meta":{"_et_pb_use_builder":"on","_et_pb_old_content":"","_et_gb_content_width":"","footnotes":""},"_links":{"self":[{"href":"https:\/\/prace.renubero.com\/index.php?rest_route=\/wp\/v2\/pages\/873"}],"collection":[{"href":"https:\/\/prace.renubero.com\/index.php?rest_route=\/wp\/v2\/pages"}],"about":[{"href":"https:\/\/prace.renubero.com\/index.php?rest_route=\/wp\/v2\/types\/page"}],"author":[{"embeddable":true,"href":"https:\/\/prace.renubero.com\/index.php?rest_route=\/wp\/v2\/users\/2"}],"replies":[{"embeddable":true,"href":"https:\/\/prace.renubero.com\/index.php?rest_route=%2Fwp%2Fv2%2Fcomments&post=873"}],"version-history":[{"count":4,"href":"https:\/\/prace.renubero.com\/index.php?rest_route=\/wp\/v2\/pages\/873\/revisions"}],"predecessor-version":[{"id":890,"href":"https:\/\/prace.renubero.com\/index.php?rest_route=\/wp\/v2\/pages\/873\/revisions\/890"}],"wp:attachment":[{"href":"https:\/\/prace.renubero.com\/index.php?rest_route=%2Fwp%2Fv2%2Fmedia&parent=873"}],"curies":[{"name":"wp","href":"https:\/\/api.w.org\/{rel}","templated":true}]}}